r of p and 207.
23
Suppose -7 = -0*m + m. Let q = m + 9. Calculate the highest common factor of q and 12.
2
Let d(c) = -c - 10. Let g be d(-5). Let j(t) = -51*t - 3. Let n be j(g). Suppose r + r = n. What is the greatest common divisor of r and 14?
14
Let o(r) = 2*r**2 - 6*r + 2. Let h be -1 + 2 + (-6)/(-2). Let g be o(h). Calculate the greatest common divisor of g and 30.
10
Let q(m) = m + 16. Let y = 27 + -27. Let s be q(y). What is the highest common factor of 32 and s?
16
Suppose -31 + 7 = -3*q. Suppose 0 = f + 2 - 4. Let a(b) = b - 1. Let g be a(f). What is the highest common divisor of g and q?
1
Let u(o) = -o**3 + 10*o**2 - o + 9. Suppose 0 = -2*q + 6 + 12. Let n be u(q). Calculate the greatest common divisor of 9 and n.
9
Let f(q) = q**3 + 5*q**2 - q - 2. Let g be f(-5). Suppose -o = -4*j - 3*o + 64, -g*j = -3*o - 30. Calculate the greatest common divisor of 28 and j.
14
Suppose 4*d + 3*l - 8 = 0, 2*l = 6*l. Let p be d/1*3/3. What is the highest common factor of p and 16?
2
Let q(r) = r**2 - r + 8. Let z be q(-6). Let u be ((-16)/(-10))/(4/z). Calculate the greatest common divisor of u and 60.
20
Suppose -4*s = -26 - 34. Let i(y) = y**3 + 5*y**2 + 3*y + 6. Let f be 176/(-40) + (-2)/(-5). Let p be i(f). What is the greatest common divisor of s and p?
5
Suppose -6*r + 2*r = 144. Let w be r/(-10) + 8/20. Calculate the greatest common factor of w and 4.
4
Suppose 2*v - 5*w = 38, -v = 3*v - 2*w - 44. Let x(c) = -7*c - 1 + c + v*c. Let u be x(1). Calculate the highest common factor of 2 and u.
2
Let u = 90 + -13. What is the greatest common factor of u and 11?
11
Let n(h) = h**2 + h + 1. Let g be n(-2). Suppose -2*s = -g*s + 11. Suppose 0 = -5*p - 0*p + 220. What is the highest common factor of s and p?
11
Let y be (10/(-4))/5*-10. Let u be ((-102)/(-8))/((-3)/(-8)). Suppose 3*s + p - y*p = u, 26 = s - 5*p. Calculate the highest common factor of s and 18.
6
Suppose 2*s - 11 = c - 3, 0 = -5*s - 3*c + 31. Suppose 10*o - s*o - 420 = 0. Calculate the highest common divisor of o and 12.
12
Let d(a) = -59*a - 15. Let f be d(-3). Calculate the greatest common factor of f and 18.
18
Let u = -15 + 19. Calculate the greatest common divisor of u and 6.
2
Suppose 6*u - 4*u - 36 = 0. What is the highest common divisor of 3 and u?
3
Let u(k) = k + 15. Let i be u(12). Calculate the highest common factor of i and 18.
9
Suppose 41 = 4*f - 79. Calculate the highest common divisor of f and 6.
6
Let q = -5 + -6. Let n be 1/(-1)*(q - -4). Let o be 6/(32/14 - 2). What is the greatest common factor of o and n?
7
Let f = 33 - 17. Suppose 134 + 16 = -2*w. Let a = -43 - w. What is the greatest common factor of a and f?
16
Let m(f) = -f. Let i be m(-6). Let b be (-4)/i + 218/3. Suppose -27*c + 31*c = 36. Calculate the highest common divisor of b and c.
9
Let g(j) = -j**3 + 6*j**2 - 7. Let x(b) = -b**3 + 6*b**2 - b - 7. Let r(p) = 3*g(p) - 4*x(p). Let o be r(5). Calculate the highest common divisor of 3 and o.
1
Suppose -3*w - 25 = -8*w. Suppose 3*q = w*z + 10, 3*z - 3*q = -0*q - 12. What is the highest common factor of 6 and z?
1
Let a(n) = n**2 + 7*n - 21. Suppose 2*f = -5*c - 77, 2*c + f = 2*f - 29. Let y be a(c). What is the greatest common factor of y and 9?
9
Suppose 3*j = 2*j + 5. Suppose 0 = -j*m + 260 + 40. Suppose i = 4*i - m. What is the highest common divisor of 10 and i?
10
Let b(k) = 5*k + 7. Let z(y) = -4*y - 6. Let r(c) = 3*b(c) + 4*z(c). Let o be r(7). Let s = -6 - o. Calculate the greatest common divisor of 4 and s.
4
Suppose 2*o = -2*o + 24. Suppose 0 = a - o - 0. Calculate the highest common divisor of 3 and a.
3
Let g = 8 - 4. Suppose -83 - 13 = -g*n. Let w be (-2)/(-8) + (-143)/(-4). What is the highest common divisor of w and n?
12
Suppose -43*d + 39*d + 8 = 0. Calculate the highest common factor of 2 and d.
2
Let z = 104 + -146. Suppose -5*g + 80 = -290. Let a = z + g. What is the highest common factor of 8 and a?
8
Let b be ((-15)/(-10))/((-6)/(-20)). Suppose -15 = -d - b. Calculate the highest common factor of 10 and d.
10
Suppose 4*u - 123 = 345. Calculate the greatest common factor of 13 and u.
13
Suppose -16*i + 80 = -15*i. Calculate the highest common divisor of i and 10.
10
Suppose 3*q + q = 2*n + 28, 3*q + 4*n = -1. Suppose q*l = 4*l + 17. Suppose 2*d - 5 = l. Calculate the greatest common divisor of 1 and d.
1
Let g(a) be the first derivative of a**3/3 + 2*a**2 + 7*a + 2. Let u be g(-3). What is the highest common divisor of u and 28?
4
Let a(f) = -f**3 - 7*f**2 - f + 4. Let w be a(-7). What is the highest common factor of w and 11?
11
Suppose 5*h + r = 51, h - 2*r = 4*h - 32. Suppose 7*n - 2*n = 5*o, o - 4*n + 6 = 0. Calculate the greatest common factor of o and h.
2
Let n = -64 + 74. Calculate the greatest common divisor of n and 40.
10
Let c be 20/(-15)*-1*3. Suppose -5*b - c*d = 0, 0*b - 3*d = 3*b + 3. Let p = 7 + b. Calculate the highest common divisor of 77 and p.
11
Suppose -8*q + 6 = -6*q. Calculate the highest common factor of q and 3.
3
Suppose -3 = -3*w + 3. What is the highest common divisor of 8 and w?
2
Let h(v) be the second derivative of -13*v**3/6 + 5*v. Let n be h(-2). What is the greatest common factor of 13 and n?
13
Let u(w) = 5*w**3 - 5*w**2 + 2. Let q be u(4). Calculate the greatest common divisor of q and 22.
22
Suppose -5*g + 3*g = -8. Let w be (-1 + 0/(-1))*3. Let l be (w - -2) + g/2. Calculate the greatest common divisor of l and 9.
1
Suppose w = -l + 46, -299 = -5*l + 5*w - 49. Suppose 168 + 72 = 2*y. Calculate the highest common divisor of l and y.
24
Let l = -126 + 128. What is the highest common factor of 2 and l?
2
Suppose 4*t = 42 + 14. Calculate the highest common divisor of t and 14.
14
Let s(b) = b**2 - 7*b - 3. Let j be s(8). Let h = 12 - j. What is the greatest common factor of h and 77?
7
Suppose 4*y = -0*y. Suppose 5*m + 20 = y, 0 = -0*h + h + 5*m + 11. Calculate the highest common factor of h and 6.
3
Let g = -4 + 4. Suppose 3*r - 487 - 305 = g. Suppose 0*k = 2*h + 2*k - 42, 2*h = -5*k + 33. Calculate the greatest common divisor of r and h.
24
Suppose 0*a = 3*a + 2*n - 25, -n + 10 = a. Suppose -a*c = -10*c + 50. Calculate the greatest common divisor of 30 and c.
10
Let u be ((-9)/(-2))/(1/12). Suppose -d - u + 264 = 0. Suppose k - d = -2*k. What is the highest common divisor of 10 and k?
10
Suppose -w = -4*k + 101, 4*k - 4*w - 63 - 53 = 0. Let b = 1 - -4. Suppose b*j = 3*a - 3, 3*a - 2*j = 9 + 3. What is the greatest common divisor of k and a?
6
Suppose 3*n - 68 = 2*s, n - 4*s + 4 = 2*n. Let f be (-2)/(-7) - (-26)/7. Suppose 0 = -f*m - 0*m + 20. Calculate the highest common factor of m and n.
5
Let z be ((-45)/(-27))/(2/12). Let h = z - -4. Calculate the highest common divisor of h and 56.
14
Let d = 3 - -25. Suppose 2*a = 4*n + 36, 5*n + d = -4*a + 165. What is the greatest common divisor of 4 and a?
4
Suppose 6 = h - u, 0 = 2*h - 3*u - 0 - 15. Suppose -g + h = -62. Let o(l) = 26*l**2. Let x be o(-1). Calculate the greatest common divisor of x and g.
13
Let h(w) = -3*w**2 - w - 3. Let i be h(-5). Let s = i + 217. Let a be (s/(-6))/(3/(-2)). Calculate the highest common divisor of a and 176.
16
Let f be (4/10)/((-4)/(-80)). Let c be 3*(1 - (-170)/6). What is the highest common divisor of c and f?
8
Suppose -5 = 5*y, 5*y - 2*y + 43 = k. What is the highest common factor of k and 10?
10
Let b = 20 + -16. Let r(g) = g**2 - 5*g + 9. Let w be r(b). What is the highest common divisor of w and 35?
5
Suppose 4*z - d = 2*d + 22, -2*d = 4. Calculate the highest common divisor of z and 2.
2
Let p = 185 + -56. What is the highest common factor of p and 43?
43
Let s(o) = -o**2 + o - 1. Let q(t) = -5*t**2 + 3*t - 12. Let d(z) = q(z) - 6*s(z). Let m be d(-4). Calculate the greatest common factor of 55 and m.
11
Let f(w) = -w**3 - 4*w**2 - w + 9. Let m be f(-4). What is the highest common divisor of 26 and m?
13
Suppose -2*t + 6*t = 8. Suppose 2*s = -4*c + 2, s + 8*c - 4*c + 1 = 0. Let o be 8 + (s + 0 - t). What is the greatest common factor of 81 and o?
9
Suppose -o + 12 = 9. What is the highest common divisor of 24 and o?
3
Suppose -4*l - n + 253 = 0, -5*n + 151 = 5*l - 154. Calculate the greatest common divisor of 32 and l.
32
Suppose -o = -c - 2*c - 1, -4*o = -16. Calculate the greatest common factor of